 when 61 is divided by n(36)?
1
Let j be 5 + (-19)/(133/(-140)). Let g be 928/(-14) + (-6)/(-21). Calculate the remainder when 36 is divided by (-5)/j - g/5.
10
Calculate the remainder when 134 is divided by ((-148)/(-20))/((4/2)/10).
23
Suppose 5*a + 5*x = 4*a - 9, 5*x = 3*a + 7. What is the remainder when 1398/42 + a/14 is divided by 18?
15
Let w(v) = v**2 + 19*v + 21. Let r be w(-18). Suppose -r*c = -3*y - c + 79, -92 = -4*y - 4*c. What is the remainder when y is divided by (-4)/14 + 102/14?
4
Suppose -20 = -s + 5*v - 6, -5*s + 3*v = -26. Suppose -154 = -0*z - 22*z. What is the remainder when z is divided by s?
3
Suppose 3*a + 167 = 7*m - 2*m, 0 = 3*a - 4*m + 163. Let w be (-4)/(-2)*(-40 - -3). Let h = a - w. What is the remainder when h is divided by 9?
7
Suppose 58*j - 3748 = 4430. Calculate the remainder when j is divided by 30.
21
Let y(z) = 3*z + 2. Suppose -1 + 41 = 8*k. What is the remainder when 32 is divided by y(k)?
15
Let m(p) = p**3 - 5*p + 3. Suppose -4*u + 3*z + 18 = 0, u = -3*u - 2*z + 8. What is the remainder when 55 is divided by m(u)?
10
Let p(r) be the second derivative of -r**3/2 - 59*r**2/2 - 35*r. Calculate the remainder when 8 is divided by p(-21).
0
Let o(k) = k**3 + 12 + 14 + 10*k - 7 + 10*k**2. What is the remainder when 56 is divided by o(-9)?
6
Suppose -318 = 9*m - 471. Calculate the remainder when 31 is divided by m.
14
Let n = 117 + -98. Calculate the remainder when 52 is divided by n.
14
Let i = 16 + -18. What is the remainder when i*(-1 + (-51)/(-2))*-1 is divided by 11?
5
What is the remainder when 37 is divided by ((-3)/15)/((-13)/325)?
2
Let a = -494 + 507. Calculate the remainder when 178 is divided by a.
9
Let r = -860 - -1530. Calculate the remainder when r is divided by 136.
126
Let t(d) = -2*d**2 - 7*d + 2. Let z be t(-5). Let l = 15 + z. Suppose 0 = -g - 1, -6*g + l*g = 3*u - 167. What is the remainder when u is divided by 20?
17
Let g(o) = 12*o**2 - 1. Suppose -4*a + 3*j = -157, -j - 2 + 3 = 0. Let k = a + -30. What is the remainder when g(2) is divided by k?
7
Let o(r) = r**2 + 3*r + 69. Let d be o(0). Let j = 72 - d. Suppose -19 = -2*v - 2*v - l, -5*v + 4*l + 8 = 0. What is the remainder when v is divided by j?
1
Let u be (-3 + 90)/((-2 - -3) + 0). Suppose 10*m - 3 = u. Calculate the remainder when (-2 + 19)*(-2)/(-2) is divided by m.
8
Let v = 361 + -330. What is the remainder when 61 is divided by v?
30
Let x(n) = n + 14. Let m be x(-10). Suppose 5*w = m*w + 22. Calculate the remainder when 107 is divided by w.
19
Let h = 16 - 8. Let r(a) = a**3 + 46*a**2 + a + 69. Calculate the remainder when r(-46) is divided by h.
7
Suppose -6*c + 0*c = -174. What is the remainder when c is divided by -2*15*(-1)/2?
14
Let k = -43 + 87. Let d = k - 7. Calculate the remainder when d is divided by 19.
18
Let w(z) = -z - 1. Let b(q) = 3*q**2 + 19*q + 3. Let a(y) = -b(y) + 6*w(y). What is the remainder when 92 is divided by a(-7)?
16
Let g(a) = 24*a**2 + a + 22*a**2 - 45*a**2. Let y be g(-3). Calculate the remainder when (-1592)/(-14) - y/(-21) is divided by 13.
10
Let b(x) = 15*x**2 - 34*x + 165. Calculate the remainder when b(5) is divided by 12.
10
Suppose 44*o = 2*q + 42*o - 20, -5*q - 3*o + 26 = 0. Let l(c) = -4*c**2 + c + 1. Let d be l(-1). What is the remainder when 51*(d/(-3))/2 is divided by q?
6
Suppose 7*z - 819 = 2*z - 2*g, 2*g - 654 = -4*z. Calculate the remainder when z is divided by 21.
18
Let s be (6/(-4))/(12/(-128)). Let d = s + -30. Calculate the remainder when 1165/35 - (-4)/d is divided by 9.
6
Suppose 2*z - 1454 = -n, n + 2*n + 5*z - 4357 = 0. What is the remainder when n is divided by 17?
16
Suppose 15 = 3*t, 0 = 68*w - 64*w - 3*t - 133. Calculate the remainder when 73 is divided by w.
36
Let h = 403 - 377. What is the remainder when h is divided by 5?
1
Let y be 43 + 2 + -1 - (1 - 1). Suppose -2*c + 3*g + 26 = g, 0 = -4*c - 4*g + y. Calculate the remainder when 20 is divided by c.
8
Let h = 16 - 8. Let c = -29 + 30. Suppose -f - 2*q = -15, -20 - c = -2*f + 5*q. What is the remainder when f is divided by h?
5
Suppose -8*x = -11*x + 81. Suppose -o + x = -12. Let f(i) = i + 14. What is the remainder when o is divided by f(0)?
11
Let y(k) = 109*k - 71. Let n = 46 - 33. What is the remainder when y(1) is divided by n?
12
Suppose 528 = 38*j - 16*j. What is the remainder when 519 is divided by j?
15
Suppose 4*n + 184 + 32 = 0. Let u = -1 - n. Calculate the remainder when u is divided by 14.
11
Suppose -4*r = 8, 2*n - 9 = 3*r + 5. What is the remainder when 31 is divided by n?
3
Suppose 368 = 26*r + 56. Let n = 113 - 78. What is the remainder when n is divided by r?
11
Let y(v) = 3*v + v - 6 + 2*v - 2*v. Suppose r + 3*h - 16 = 0, -r = -6*r - 2*h + 119. What is the remainder when r is divided by y(5)?
11
Suppose -3*x = -4*t - 47 - 29, -t = -4*x + 84. Let v(k) = k**2 + 11. Calculate the remainder when x is divided by v(0).
9
Suppose 0 = 107*u - 104*u - 42. What is the remainder when 781 is divided by u?
11
Suppose -3*k + 39 = 5*p, -4*k + 6*k = -4. Let i = -69 - -79. Let n(a) = -3*a**2 + 30*a + 6. What is the remainder when p is divided by n(i)?
3
Suppose -4*l + 5*m = -78, 2*m = -4*l - 2*m + 60. Suppose 3*z + h - 21 = -2*h, 4*z - 73 = 5*h. Let i = l - z. What is the remainder when i is divided by 4?
1
What is the remainder when 75 is divided by 3 + (-13)/26*(0 - 0)?
0
Suppose 47 + 37 = 2*g. Calculate the remainder when 92 is divided by g.
8
Let n = 22 + -64. Let y = -41 - n. Calculate the remainder when 3 is divided by y.
0
Let r(v) be the first derivative of v**4/4 - v**3/3 + v**2/2 + 17. Suppose -5*h + 2 = -8. Calculate the remainder when 21 is divided by r(h).
3
Suppose -r - 4*r = -40. Let d = r + -2. Calculate the remainder when 40 is divided by (56/(-10))/(d/(-15)).
12
Suppose 6*z = 16*z - 350. Let x = -14 + z. Calculate the remainder when x is divided by 6.
3
Let d = 232 + -175. Calculate the remainder when 72 is divided by d.
15
Suppose -11 = -8*k + 13. Suppose 90 = k*u - 45. What is the remainder when u is divided by (-10)/(-2)*(-12)/(-5)?
9
Suppose 4 = -5*z + 14. Suppose -z*p - 80 = -6*p. What is the remainder when (p/(-16))/((-1)/12) is divided by 8?
7
Let w be ((-24)/14)/(26/(-91)). Let q(b) = -2*b**2 + 13*b + 3. What is the remainder when q(w) is divided by 5?
4
Suppose -4*x - j = -218, -3*x - 5*j = x - 210. Let h = -22 + x. Calculate the remainder when 129 is divided by h.
30
Let q = 625 - 367. What is the remainder when q is divided by 44?
38
Let u = 134 - 26. Suppose -2*s - 2*s + u = 0. Let l(a) = a**3 + 72*a**2 + 71*a + 106. Calculate the remainder when l(-71) is divided by s.
25
Suppose 19*j - 1340 = -j. Calculate the remainder when 254 is divided by j.
53
Let a = -36 - -23. Let d = 44 + a. Let m = d - 25. Calculate the remainder when m is divided by 5.
1
Suppose -4*a + 22 = 2. Suppose 0 = -a*k + 4*w + 200, -5*w = 5*k - 2*k - 83. Let r = 38 + -25. What is the remainder when k is divided by r?
10
Let n(w) = -w**3 + 4*w**2 + 4*w + 5. Let i be n(5). Suppose i = 15*s - 6*s - 621. Calculate the remainder when s is divided by 18.
15
Let v(q) = q**2 + 2*q - 12. What is the remainder when 21 is divided by v(4)?
9
Let i be (18 - 12)/((-2)/(-2)). Suppose v = -i*v + 973. Calculate the remainder when v is divided by 35.
34
Suppose -f - 60 = -3*l, 7*l - 48 = 4*l - 3*f. What is the remainder when (-72)/(-84) - 1074/(-21) is divided by l?
14
Calculate the remainder when (-4)/(-18) - -3*(-637)/(-27) is divided by 21.
8
Suppose -8*q = 4*q + 24. What is the remainder when (q - 2/(-2))*-40 is divided by 22?
18
Let k = -2 + 9. Suppose k*n = 4*n - 3. Calculate the remainder when 69 is divided by (-56)/(4/n) - 2.
9
Let b(f) = -f**2 - 23*f + 5. Let n be b(-10). Let x = n - 66. Calculate the remainder when x is divided by 7.
6
Let k be (-3 - 0) + 3 + 4. Suppose -4*t = -3*g - 45, -k*t - g + 50 = g. What is the remainder when 2 is divided by -2*3*(-4)/t?
0
Let r = 35 + -5. Suppose 0 = 4*l - 34 + r. What is the remainder when 3 is divided by l?
0
Suppose -19*j + 116 = -15*j. What is the remainder when j is divided by 16?
13
Calculate the remainder when 138 is divided by (3 + -7 + 5)*28.
26
Let z(i) be the first derivative of -3*i**2/2 - 55*i - 17. What is the remainder when z(-23) is divided by 14?
0
Suppo